. Suppose -a = 2*p - 5*p. What is the units digit of p?
2
Suppose -5*f + 2*y - 2636 = 0, -4*y + 2*y = 2*f + 1060. What is the hundreds digit of 7/(3/f*-4)?
3
Suppose 5*b = 4*l - 463, 3 = 3*b - 0*b. Suppose 2*o - 3*w + 32 = -56, -o - w - 44 = 0. Let d = l + o. What is the units digit of d?
3
Suppose -19*m = -22*m - 30. What is the hundreds digit of ((-1)/3)/(m/87990*7)?
4
Let i(q) = 16*q**3 + 29*q**2 - 197*q + 8. What is the thousands digit of i(8)?
8
Suppose -18*x + 9 = -15*x + 3*z, 0 = 5*x + 4*z - 14. Suppose -612 - 116 = -x*j. What is the units digit of j?
4
Suppose 0 = -7*s + s + 84. Let d(o) be the second derivative of o**3/2 - 6*o**2 - 3*o. What is the units digit of d(s)?
0
Let y(w) = -240*w**3 - 132*w**2 - 745*w - 6. What is the tens digit of y(-6)?
5
Let j(w) = w**2 + 3*w + 12. Let b(h) = -7*h**3 + h**2 - 7*h + 7. Let u be b(1). What is the units digit of j(u)?
0
Let c(y) = y**2 - 3*y + 2. Let q(n) = n**2 - 2*n + 1. Let r(v) = -2*c(v) + 3*q(v). Let p be r(3). Suppose -p*x = -486 - 730. What is the hundreds digit of x?
1
Suppose 4*a + 59 = 3*b, 4*b = -a + 2*a + 18. Let n = a - -48. Suppose 0 = -f + 117 - n. What is the units digit of f?
3
Suppose 102405 = 5*r - 5*g, -3*g + 81884 = 4*r + 3*g. What is the ten thousands digit of r?
2
Suppose 224 = 5*d - o, -5*o = 138*d - 139*d + 40. What is the units digit of d?
5
Let u(r) = -r**3 - 4*r**2 - 5*r - 1. Let v be u(-4). Let i(n) = 5*n - v*n + 29 + 6*n. What is the hundreds digit of i(-15)?
1
Let o(m) = -37*m**3 - 60*m**2 - 400*m - 28. What is the thousands digit of o(-8)?
8
Let d(g) = -g**3 - 3*g**2 - 3*g + 30. Let w be d(10). Let s = w + 2152. Suppose 14*c - s = 8*c. What is the tens digit of c?
4
Suppose -2*w + 13738 = -2*l, 4*w - 14477 = -5*l + 13053. What is the tens digit of w?
7
Let o be 2840/(-30)*(45/(-10) + 0). What is the units digit of o/(15*(-5)/(-50))?
4
Let m(z) = z**3 - 2*z**2 + 2*z - 3. Let p be m(2). What is the tens digit of (-3 + 5)*p + 71?
7
Suppose 3*h + 139*b - 135*b = 7928, 4*b = 4*h - 10552. What is the tens digit of h?
4
Let s = -4039 - -46919. What is the thousands digit of s?
2
Suppose -22 = -6*k - 76. What is the units digit of k/(13/99 - 26/117)?
9
Let l be 4 + -7 - -25*1. Let v = -70 + 96. Suppose -2*k + l = -v. What is the tens digit of k?
2
Let f = 716 - 724. What is the units digit of -1 + 4 + f - 493*-3?
4
Let w(d) = 95*d**3 + 15*d**2 - 81*d + 101. What is the hundreds digit of w(6)?
6
Let j(s) be the second derivative of 139*s**3/6 + 65*s**2/2 + 4*s - 17. What is the hundreds digit of j(5)?
7
Suppose 4*w - 126 = -3*x, 5*w - 56 = 4*x + 86. What is the thousands digit of 1562*(-3)/w*-10?
1
Suppose 623 - 155 = -39*b. What is the thousands digit of (-13431)/(-13) - 1/(-78)*b?
1
Suppose 5*k = 2*o - 18094, 16705 - 52863 = -4*o - 5*k. What is the thousands digit of o?
9
Let t(j) be the second derivative of 37*j**5/10 + j**4/6 - j**3/2 + 2*j**2 - 128*j. What is the hundreds digit of t(2)?
5
Let g be 1271/(-9) + 22/99. Let z = -115 - g. What is the units digit of z?
6
Let s = -5090 + 9976. What is the hundreds digit of s?
8
Let i = -2400 - -8014. What is the tens digit of i?
1
Let g(n) = -n**2 + 15*n - 51. Let x be g(6). Let a = 494 + x. What is the tens digit of a?
9
Let s(b) = 44*b**2 - 26*b + 295. What is the hundreds digit of s(12)?
3
Let t(q) = -31*q + 18. Let s(f) = 62*f - 35. Let z(x) = 2*s(x) + 5*t(x). Let i be z(-3). What is the tens digit of i + 6/(12/(-10))?
0
What is the tens digit of (371734/305)/((2/7)/(100/35))?
8
Let n be (-14)/6 + 1/(-4 - -7). Let x be n/(-13) - 1478/(-26). What is the units digit of (-1)/(-6)*x*5*4?
0
Let h = -16022 - -29629. What is the thousands digit of h?
3
Let j = -9 - -26. Let t(u) = j + 5*u - 31 + 27. What is the units digit of t(10)?
3
Let o(n) = -8*n**3 + 8*n**2 + 4. Let u be o(-2). Let r(q) = 56*q**3 - 3*q**2 - 3*q. Let l be r(-4). What is the tens digit of (-1)/5 - l/u?
3
Let c(t) = -156*t + 1700. What is the thousands digit of c(-30)?
6
Let t be ((-6)/9)/((-2)/9). Let h be 1604/t + (-6)/9. What is the tens digit of (7/7)/(-1 - h/(-531))?
7
Let a = 17 + 26. Let r = a - 38. Suppose 0 = -k - r*d + 73, -306 - 106 = -4*k + 4*d. What is the units digit of k?
8
Let a = 758 + -742. Suppose -14*h - 374 = -a*h. What is the tens digit of h?
8
Let q = 240 - -10. Suppose l - 4*n - q = 0, -930 = -4*l - 0*l + 2*n. Suppose 142 + l = 6*d. What is the units digit of d?
2
Suppose 3376 = 5*k - 2674. Suppose 0 = -18*o + 14*o + 20. Suppose o*z - k = -95. What is the tens digit of z?
2
Suppose -140*s + 51*s + 92204 = 0. What is the units digit of s?
6
Let p be ((-4)/(-2) - -661) + -2. Let x(b) = b**2 + 90*b - 3151. Let i be x(27). Suppose 2*k = 2*g + 274, 5*k - 5*g - p = -i*g. What is the hundreds digit of k?
1
Suppose 7 + 5 = 3*z. Suppose z*k + 12 = 124. What is the units digit of (105/k)/(3/60)?
5
Let d = 126 + -141. Let y be 10/d - (-1 + (-2)/(-6)). What is the units digit of -4 - y - -4*(-35)/(-20)?
3
Suppose 0 = 21*g - 13791 + 8384 - 21536. What is the hundreds digit of g?
2
What is the ten thousands digit of 25015/(-15)*(7 - 19)?
2
What is the ten thousands digit of ((-148)/(-6))/(10/13305)?
3
Let a = -413 + 331. What is the units digit of (a/(-205))/((-1)/(-125))?
0
Let h(a) = 2*a - 15. Let f be h(9). Let d(x) = 32*x**2 - 10*x**2 - 1 - x**f - 14*x**2. What is the tens digit of d(4)?
6
Let a(o) = -63*o + 26. Let w be a(-5). Suppose -246 = -x + w. Suppose 0 = 2*d + 2*t - 394, 0*d - t = -3*d + x. What is the hundreds digit of d?
1
Let i be 1*6 - (-2 + 6) - 0. Suppose 0 = v - 3*z - 1740, 3510 = -i*v + 4*v + 4*z. Suppose 10*r - v = -r. What is the units digit of r?
9
Suppose 12 = 16*i - 14*i. Suppose i*v - v - 126 = -g, -568 = -4*g - 4*v. What is the units digit of g?
6
Let p = 2871 + -1643. What is the thousands digit of p?
1
Suppose 10*i - 28 = 4*o + 14*i, 3*o = 4*i. Let j(b) = -12*b**3 - 9*b**2 + b + 6. What is the units digit of j(o)?
6
Let l = 13 + 2250. Suppose -l = -4*m + 969. What is the units digit of m?
8
Let a(k) = -k**3 + 49*k**2 - 23*k + 95. What is the thousands digit of a(24)?
3
Suppose -5*b + 31492 = -f, 2*b + 416*f = 412*f + 12566. What is the tens digit of b?
9
Let p be 5 - (6/(-4) + 18/12). Suppose -3*i + 2 - 12 = p*l, 0 = -l - i - 2. What is the tens digit of 21/(-14) + (-39)/l?
1
Suppose 0 = -2*g + 7*m + 43473, -5*g + 12577 + 96164 = 2*m. What is the units digit of g?
7
Let k be (-11 + (7 - 1))*(0 + -1). What is the tens digit of 1*k*(2 - -4 - -24)?
5
Suppose -u = -3*p - 5184, -5*u + 2*p = 3*p - 25904. Suppose 0 = -3*m - 8*m + u. What is the units digit of m?
1
Suppose -41 = 21*q + 106. Let b = 11 + q. Suppose 0 = b*m - 5*m - 5*z + 273, -3*m = -3*z - 873. What is the units digit of m?
8
Let g be (2 - -7) + (-52)/13. What is the tens digit of (-2)/g*(-32 + -1398)?
7
Suppose n - 14926 = 6*c, 254*c = 5*n + 257*c - 74531. What is the units digit of n?
8
Let w(s) be the third derivative of -s**6/8 + s**5/60 - s**4/12 - s**3/6 - 22*s**2. Let h be w(-3). Suppose -6*z - 65 + h = 0. What is the units digit of z?
9
Let v(f) = -3 + 0 + 3 + 12*f**2 + f**3. Let w be v(-12). Suppose 48 = 3*m - w*m - 3*g, m - 21 = 2*g. What is the tens digit of m?
1
Let j = 18 - 17. Let q = 80 + -85. What is the units digit of q/(-10) + j + (-197)/(-2)?
0
Suppose -5*d + 5*o + 215 = 0, -5*o = 2*d - 177 + 56. Let p be d/(-84) + (-46)/(-7). Suppose 0 = -p*l + 118 + 8. What is the tens digit of l?
2
Let k be (-14)/(-4)*5312/8. Suppose 12*i = -k + 8. Let p = -84 - i. What is the tens digit of p?
0
Let o = -132 + 136. Suppose 0*s - 28 = -o*s. Suppose -d + 46 = 2*p - s*p, 3*p + 3 = 0. What is the tens digit of d?
4
Let d(s) = -s**2 + 14*s - 1. Let f be d(14). What is the units digit of (f + 2)*496/4?
4
Let u = 497 + -501. Let v(x) = 90*x**2 - 11*x - 29. What is the tens digit of v(u)?
5
Let v(f) = -f**3 - 11*f**2 + 5*f + 3. Let q be v(-12). Suppose -3*n = -d - q, -d + 147 = 5*n - 2*d. What is the units digit of n?
0
Suppose 8*v = 14 + 2. Suppose v*m = 4, 18*r - 5*m - 1051 = 17*r. What is the thousands digit of r?
1
Let v(i) = 3369*i**2 + 14*i + 36. What is the thousands digit of v(-2)?
3
Suppose 146*r - 151*r - 4122 = -2*v, -2*r - 4128 = -2*v. What is the tens digit of v?
6
Let y(i) = -i**3 - 2*i + 5 - 5*i**2 + 11 + 1 - 4. Let f be y(-4). Suppose 0 = -c +